{"version":"1.0","provider_name":"Buend\u00eda Estudios","provider_url":"https:\/\/buendiaestudios.com\/en\/","title":"The filming of \u2018Heridas\u2019 begins, the new series of Antena 3 produced by Buend\u00eda Estudios - Buend\u00eda Estudios","type":"rich","width":600,"height":338,"html":"<blockquote class=\"wp-embedded-content\" data-secret=\"9Gv36LzZzJ\"><a href=\"https:\/\/buendiaestudios.com\/en\/2021\/06\/22\/rodaje-heridas-serie-antena-3-buendia\/\">The filming of \u2018Heridas\u2019 begins, the new series of Antena 3 produced by Buend\u00eda Estudios<\/a><\/blockquote><iframe sandbox=\"allow-scripts\" security=\"restricted\" src=\"https:\/\/buendiaestudios.com\/en\/2021\/06\/22\/rodaje-heridas-serie-antena-3-buendia\/embed\/#?secret=9Gv36LzZzJ\" width=\"600\" height=\"338\" title=\"&#8220;The filming of \u2018Heridas\u2019 begins, the new series of Antena 3 produced by Buend\u00eda Estudios&#8221; &#8212; Buend\u00eda Estudios\" data-secret=\"9Gv36LzZzJ\" frameborder=\"0\" marginwidth=\"0\" marginheight=\"0\" scrolling=\"no\" class=\"wp-embedded-content\"><\/iframe><script type=\"text\/javascript\">\n\/* <![CDATA[ *\/\n\/*! This file is auto-generated *\/\n!function(d,l){\"use strict\";l.querySelector&&d.addEventListener&&\"undefined\"!=typeof URL&&(d.wp=d.wp||{},d.wp.receiveEmbedMessage||(d.wp.receiveEmbedMessage=function(e){var t=e.data;if((t||t.secret||t.message||t.value)&&!\/[^a-zA-Z0-9]\/.test(t.secret)){for(var s,r,n,a=l.querySelectorAll('iframe[data-secret=\"'+t.secret+'\"]'),o=l.querySelectorAll('blockquote[data-secret=\"'+t.secret+'\"]'),c=new RegExp(\"^https?:$\",\"i\"),i=0;i<o.length;i++)o[i].style.display=\"none\";for(i=0;i<a.length;i++)s=a[i],e.source===s.contentWindow&&(s.removeAttribute(\"style\"),\"height\"===t.message?(1e3<(r=parseInt(t.value,10))?r=1e3:~~r<200&&(r=200),s.height=r):\"link\"===t.message&&(r=new URL(s.getAttribute(\"src\")),n=new URL(t.value),c.test(n.protocol))&&n.host===r.host&&l.activeElement===s&&(d.top.location.href=t.value))}},d.addEventListener(\"message\",d.wp.receiveEmbedMessage,!1),l.addEventListener(\"DOMContentLoaded\",function(){for(var e,t,s=l.querySelectorAll(\"iframe.wp-embedded-content\"),r=0;r<s.length;r++)(t=(e=s[r]).getAttribute(\"data-secret\"))||(t=Math.random().toString(36).substring(2,12),e.src+=\"#?secret=\"+t,e.setAttribute(\"data-secret\",t)),e.contentWindow.postMessage({message:\"ready\",secret:t},\"*\")},!1)))}(window,document);\n\/\/# sourceURL=https:\/\/buendiaestudios.com\/buendia-includes\/js\/wp-embed.min.js\n\/* ]]> *\/\n<\/script>\n","thumbnail_url":"https:\/\/buendiaestudios.com\/media\/2021\/06\/Heridas-Baja.jpg","thumbnail_width":1000,"thumbnail_height":666,"description":"Based on the international phenomenon 'Mother' (\u2018Madre\u2019), the fiction stars Adriana Ugarte, Cosette Silguero and Mar\u00eda Le\u00f3n. The main cast is completed by by Javier Collado, Elisabet Gelabert, Sonia Almarcha, Pau Dur\u00e1, Xo\u00e1n F\u00f3rneas and Iv\u00e1n Marcos."}

Buendía Estudios

The filming of ‘Heridas’ begins, the new series of Antena 3 produced by Buendía Estudios - Buendía Estudios

<blockquote class="wp-embedded-content" data-secret="9Gv36LzZzJ"><a href="https://buendiaestudios.com/en/2021/06/22/rodaje-heridas-serie-antena-3-buendia/">The filming of ‘Heridas’ begins, the new series of Antena 3 produced by Buendía Estudios</a></blockquote><iframe sandbox="allow-scripts" security="restricted" src="https://buendiaestudios.com/en/2021/06/22/rodaje-heridas-serie-antena-3-buendia/embed/#?secret=9Gv36LzZzJ" width="600" height="338" title="&#8220;The filming of ‘Heridas’ begins, the new series of Antena 3 produced by Buendía Estudios&#8221; &#8212; Buendía Estudios" data-secret="9Gv36LzZzJ" frameborder="0" marginwidth="0" marginheight="0" scrolling="no" class="wp-embedded-content"></iframe><script type="text/javascript">
/* <![CDATA[ */
/*! This file is auto-generated */
!function(d,l){"use strict";l.querySelector&&d.addEventListener&&"undefined"!=typeof URL&&(d.wp=d.wp||{},d.wp.receiveEmbedMessage||(d.wp.receiveEmbedMessage=function(e){var t=e.data;if((t||t.secret||t.message||t.value)&&!/[^a-zA-Z0-9]/.test(t.secret)){for(var s,r,n,a=l.querySelectorAll('iframe[data-secret="'+t.secret+'"]'),o=l.querySelectorAll('blockquote[data-secret="'+t.secret+'"]'),c=new RegExp("^https?:$","i"),i=0;i<o.length;i++)o[i].style.display="none";for(i=0;i<a.length;i++)s=a[i],e.source===s.contentWindow&&(s.removeAttribute("style"),"height"===t.message?(1e3<(r=parseInt(t.value,10))?r=1e3:~~r<200&&(r=200),s.height=r):"link"===t.message&&(r=new URL(s.getAttribute("src")),n=new URL(t.value),c.test(n.protocol))&&n.host===r.host&&l.activeElement===s&&(d.top.location.href=t.value))}},d.addEventListener("message",d.wp.receiveEmbedMessage,!1),l.addEventListener("DOMContentLoaded",function(){for(var e,t,s=l.querySelectorAll("iframe.wp-embedded-content"),r=0;r<s.length;r++)(t=(e=s[r]).getAttribute("data-secret"))||(t=Math.random().toString(36).substring(2,12),e.src+="#?secret="+t,e.setAttribute("data-secret",t)),e.contentWindow.postMessage({message:"ready",secret:t},"*")},!1)))}(window,document);
//# sourceURL=https://buendiaestudios.com/buendia-includes/js/wp-embed.min.js
/* ]]> */
</script>

Based on the international phenomenon 'Mother' (‘Madre’), the fiction stars Adriana Ugarte, Cosette Silguero and María León. The main cast is completed by by Javier Collado, Elisabet Gelabert, Sonia Almarcha, Pau Durá, Xoán Fórneas and Iván Marcos.
